t s be ((-9)/3)/(d/6). Calculate the highest common divisor of s and 58.
2
Suppose -90*t + 88*t = -5*a + 411, -3*a = -3*t - 243. Calculate the greatest common factor of 5 and a.
1
Suppose -20*t = -9*t - 176. Suppose 165 = t*x - 11*x. Calculate the greatest common divisor of x and 33.
33
Suppose 0 = -2*t - p + 627, -5*t + 1207 = -2*p - 347. Calculate the greatest common divisor of 552 and t.
24
Let o(n) = 58*n - 2452. Let b be o(49). What is the highest common divisor of 18 and b?
6
Let d = -156 + 436. Let i = 336 - d. Calculate the greatest common factor of 24 and i.
8
Let a = 306 + 98. What is the greatest common factor of a and 64?
4
Let k be ((-12)/(-2))/2 - 3. Suppose k = -q + 6. Suppose -140 = -25*s + 85. What is the greatest common divisor of q and s?
3
Let m = 73 + -79. Let n = 9 + m. Let u be 2/n + (-242)/(-6). Calculate the highest common divisor of u and 41.
41
Suppose 106*d - 85374 = -45*d + 80122. What is the highest common factor of d and 392?
8
Let n be 5 + (91 - 9) + 9. What is the highest common factor of 2272 and n?
32
Let d be (576/15 - 10/25) + -2. Suppose -9*s + 4 = -13*s. Let i(q) = -59*q + 1. Let o be i(s). What is the highest common factor of d and o?
12
Suppose -3019 = -2*z + 3*x, -5*x + 1542 = z - 0*x. Let l = -1005 + z. What is the greatest common divisor of 192 and l?
64
Let b(z) = -2*z**2 + 79*z + 638. Let l be b(45). Suppose 26 = -2*m + 3*m. What is the highest common divisor of m and l?
13
Let o = 557 - 551. Let k be (34/o)/(37/2997). Calculate the greatest common factor of 17 and k.
17
Suppose 0 = -g, -g = 2*b - 0*g - 990. Let y(s) = -s**3 + 3*s**2 + 21*s + 20. Let o be y(-9). Let t = o - b. Calculate the greatest common factor of t and 28.
28
Let u be ((-8)/(-16))/(10/4100). What is the greatest common factor of 5 and u?
5
Let f = 20872 - 20366. What is the greatest common divisor of f and 3174?
46
Let u be ((123 - -9)/11)/(-3 + (-379)/(-126)). Calculate the highest common factor of 24 and u.
24
Let r = 13704 - 13596. Let l be (3*-2)/(8/(-16)). What is the highest common divisor of r and l?
12
Let r = -8535 + 8579. Calculate the greatest common factor of r and 451.
11
Let f(i) = i**2 - 28*i - 122. Let z be f(32). Let m(s) = 10*s**2 - 20*s**2 + 8*s**2 - 24*s - 14. Let c be m(-11). What is the highest common divisor of z and c?
2
Let d be (25*(-3 + 2))/(323/(-14858)). What is the highest common factor of 598 and d?
46
Let o(t) = -24*t - 14. Let a be o(-5). Suppose a = -0*z + 3*z + 2*w, 2*w + 46 = z. What is the greatest common divisor of 152 and z?
38
Suppose -2*b = 4*h - 112, 5*h + 15 - 25 = 0. What is the greatest common factor of 182 and b?
26
Let n(j) = -257*j - 67. Let d = 728 - 729. Let r be n(d). What is the greatest common divisor of r and 40?
10
Let b(p) = -24*p - 4. Let u be b(-3). Let q be 2/(14/10 - 2/5). Suppose -q*t = -4 - 30. Calculate the greatest common divisor of u and t.
17
Let g(f) be the second derivative of -5*f**3/6 + 185*f**2/2 - 26*f. Let y be g(29). Calculate the greatest common divisor of 100 and y.
20
Let o(n) = -n**2 - 9*n + 14. Let z be o(-10). Let a be z/26 + 2178/39. What is the highest common factor of 140 and a?
28
Let k = 714 - 483. Let u = k + -138. Let t = u - -12. What is the greatest common factor of 30 and t?
15
Suppose -2*j = -0*i - 5*i - 90, 0 = -3*i - 12. Suppose -38*x = -j*x - 306. Calculate the highest common factor of x and 17.
17
Suppose -3*t + 4*x + 26 = 0, -t + 2*t = 5*x + 27. Let l = 3106 - 3076. Calculate the greatest common factor of l and t.
2
Let x(k) = 65 - 38 + 29*k + 42 - 9*k**2 + 8*k**2. Let h be x(29). What is the greatest common factor of 92 and h?
23
Let n = 274 + -886. Let i be -176*(3 - (-3)/(-4)). Let v = i - n. What is the highest common factor of v and 27?
27
Let n be 3441*(16/(-168) - (-192)/252). What is the greatest common divisor of 148 and n?
74
Suppose 319*w - 9223 = 347. Calculate the highest common divisor of 3100 and w.
10
Let r = -7454 + 8627. What is the greatest common factor of 153 and r?
51
Let h be (-13)/78*15*(38*-1 - -4). Suppose -5*u + 365 + 145 = 0. Calculate the greatest common factor of h and u.
17
Suppose 291 = -13*p + 2410. Suppose 3*l = -3*x + 4*l + p, -158 = -3*x + 2*l. Calculate the greatest common divisor of x and 14.
14
Suppose -17*k = -631 + 342. Suppose z = -4*i + 3*z + 1238, 5*i - 3*z - 1549 = 0. Let o = -206 + i. Calculate the greatest common factor of k and o.
17
Suppose -9170 = -32*c + 25*c. What is the highest common divisor of 120 and c?
10
Suppose 3*h + s - 235 = 2*h, 0 = h - 2*s - 232. Let u(v) = -10*v + 549 - 181 - v + 0*v - 27*v. Let i be u(9). Calculate the highest common divisor of i and h.
26
Let b be 617/2 + -6*6/72. Suppose 277*o = 284*o - b. Calculate the greatest common divisor of o and 77.
11
Let t be 4*(-6 + (-21)/(-3)). Let a(o) = 10*o**2 + 326*o - 70. Let w be a(-33). What is the greatest common divisor of w and t?
2
Suppose 9*y = 455 + 283. Let o = 110 - y. What is the highest common divisor of o and 7?
7
Suppose -61*b + 260 = 4*b. Calculate the highest common factor of b and 492.
4
Let t = -475 - -239. Let l = t - -248. Calculate the highest common divisor of l and 36.
12
Let z = -2297 + 3117. Calculate the greatest common divisor of 40 and z.
20
Let v(y) be the third derivative of y**6/120 - 11*y**5/60 - 11*y**4/24 - y**3/3 + 168*y**2. Let i be v(12). What is the highest common divisor of i and 135?
5
Suppose 0 = -3*q + g + 6, 4*q - 4*g = -0*q. Suppose q*y - 528 = -138. Calculate the greatest common factor of y and 26.
26
Let i = -8873 + 8885. Calculate the highest common factor of i and 834.
6
Suppose 32*n - 584747 - 49063 = -5*n. What is the greatest common divisor of 30 and n?
30
Let r(a) = 2*a**3 + 21*a**2 - 74*a + 11. Let k be r(-13). Let l(f) = -2*f**3 + f**2 + 9*f + 2. Let q be l(-6). Calculate the greatest common factor of k and q.
32
Suppose 4*b - 1044 = b. Suppose 0 = 2*s - r - 476, 1091 - 377 = 3*s + 4*r. Let y = b - s. What is the highest common factor of 44 and y?
22
Let v = -8969 + 9324. What is the greatest common divisor of 65 and v?
5
Suppose -s + 2*a = 3*a - 1198, 5*s = -8*a + 5993. Calculate the highest common factor of s and 315.
63
Let z(g) = 24*g - 612. Let o be z(26). Calculate the greatest common divisor of 39 and o.
3
Suppose 81 = 10*u - 7*u - s, 2*u - 46 = -2*s. Let g = -11 + 7. Let m be ((-1)/(-3))/(g/(-468)). Calculate the highest common divisor of m and u.
13
Let g = 8468 + -4669. Calculate the highest common factor of g and 29.
29
Let p be (2/14)/(10/560). Calculate the highest common divisor of p and 508.
4
Suppose 2*j - 5*f = -60, -11*j + 8*j - 4*f - 136 = 0. Let s be ((-32)/j)/((-1)/5) - -31. What is the greatest common divisor of 243 and s?
27
Let o(z) = -z**3 - 18*z**2 + 43*z - 18. Let x be o(-22). Let c be ((-2)/3)/((78/x)/(-13)). Let j = c + -100. What is the highest common divisor of 64 and j?
8
Suppose -1652 = -8*o + 1100. What is the greatest common factor of o and 129?
43
Let b = 10647 + -10569. Suppose 0 = 5*g - 3*k + k - 28, 4*k - 34 = -5*g. What is the greatest common divisor of b and g?
6
Let k(p) = -p**3 + 18*p**2 + 80*p - 593. Let i be k(17). What is the greatest common factor of i and 1536?
96
Let r(z) = -z**2 + 242 - 251 - z**2 + 11*z. Suppose -2*x = o + x - 10, -o + x = -2. Let g be r(o). Calculate the highest common divisor of g and 21.
3
Suppose -3*z - 19*v + 18*v + 25 = 0, 4*v = z + 22. Suppose -2*d + 3*x - x = -16, 2*d - 4*x - 20 = 0. Calculate the highest common factor of z and d.
6
Suppose y = 4*t - 9, 2*t - y - 2*y + 3 = 0. Let p(h) = h**3 - h + 18. Let k be p(4). What is the greatest common factor of t and k?
3
Suppose 5*x - 5*n - 65 = 0, 4*n - 97 = 3*x - 141. Calculate the greatest common factor of x and 1416.
8
Let w(y) = y**2 - 19*y - 44. Let m = 73 - 52. Let c be w(m). Let n be (c + (-63)/(-6))*12/2. What is the highest common factor of n and 17?
17
Suppose -37*g + 2*t = -42*g + 578, 6*t - 110 = -g. What is the highest common divisor of 5452 and g?
116
Suppose -9*x + 1537 + 1532 = 0. Calculate the highest common divisor of x and 434.
31
Let p(n) = 3*n - 18. Let x be p(16). Suppose 4*f = f + x. Let q(m) = -m**3 + 11*m**2 - 9*m + 12. Let v be q(f). What is the highest common factor of v and 154?
22
Suppose 0 = v + 5*c - 155, 10*v - 